
False
Is 4549794871 a composite number?
False
Is 763452161 composite?
True
Is 130573015783 composite?
True
Is 1322722397 composite?
False
Is 40377200001 composite?
True
Is 3894539893 a composite number?
True
Is 30393627443 composite?
False
Is 1247629183 a composite number?
False
Is 302014579 a prime number?
False
Is 22991793989 a composite number?
False
Is 17452580447 a prime number?
True
Is 389194994 composite?
True
Is 22141390937 a composite number?
True
Is 59779088563 a prime number?
True
Is 207797563 composite?
True
Is 243687257621 a prime number?
True
Is 690562433 prime?
False
Is 1179235985 prime?
False
Is 1385598029 a prime number?
True
Is 1201735819 composite?
True
Is 988704323 prime?
False
Is 4372918601 a composite number?
True
Is 41496604297 a prime number?
True
Is 5082090527 a composite number?
False
Is 6997355951 composite?
False
Is 664170167 a composite number?
False
Is 2624369887 a prime number?
True
Is 4418097811 composite?
False
Is 346575757 composite?
True
Is 911839021 prime?
True
Is 254272609 a prime number?
False
Is 17018703071 prime?
True
Is 3580602001 composite?
False
Is 191204175755 a composite number?
True
Is 66363329 a prime number?
False
Is 5288140007 a composite number?
False
Is 23028739 prime?
True
Is 173320997 prime?
False
Is 2038240147 composite?
True
Is 84427943 a composite number?
False
Is 9710585449 prime?
True
Is 3628527169 a composite number?
True
Is 768821089 composite?
True
Is 7376967883 a composite number?
False
Is 111163598539 a composite number?
True
Is 8135483947 prime?
True
Is 5375286563 composite?
False
Is 4627399717 prime?
True
Is 1078164482 composite?
True
Is 7485968333 composite?
False
Is 13872223961 prime?
False
Is 759500453 prime?
True
Is 4935942371 prime?
True
Is 6272886127 composite?
False
Is 229339949 a composite number?
True
Is 1590221411 composite?
False
Is 5128161449 a composite number?
True
Is 11505736813 a composite number?
False
Is 2773968937 prime?
True
Is 1877644829 a prime number?
True
Is 4934149889 composite?
False
Is 307834363 prime?
True
Is 41718662917 a composite number?
False
Is 13148553521 a composite number?
True
Is 10014843101 a composite number?
True
Is 34602754009 a prime number?
True
Is 2590672001 a composite number?
True
Is 1228254067 a prime number?
True
Is 888493429 prime?
True
Is 44732573 a prime number?
True
Is 80273597 a prime number?
True
Is 40499620751 a composite number?
False
Is 881904521 a prime number?
True
Is 2344279151 a composite number?
True
Is 12247351481 composite?
True
Is 16201969163 composite?
False
Is 576480587 prime?
True
Is 1262609729 a prime number?
True
Is 1138311457 a composite number?
False
Is 3375436343 a composite number?
True
Is 78898418813 a prime number?
True
Is 1494665569 prime?
False
Is 2538778903 a prime number?
True
Is 21684050527 composite?
False
Is 125585534699 prime?
True
Is 64149482503 a composite number?
False
Is 446882351 composite?
False
Is 1014383849 composite?
False
Is 63947576647 prime?
True
Is 23104488811 a prime number?
False
Is 5146210603 composite?
True
Is 31346681 a prime number?
False
Is 7856737751 composite?
True
Is 2931876433 a prime number?
True
Is 5481943873 composite?
True
Is 106473061043 composite?
True
Is 162462163 a composite number?
False
Is 52944100283 composite?
False
Is 2120676783 a prime number?
False
Is 5814746383 a composite number?
True
Is 201614848843 prime?
False
Is 56018159 a prime number?
False
Is 4696790689 prime?
False
Is 3158551993 a prime number?
False
Is 645613135 prime?
False
Is 4003276441 a composite number?
False
Is 569268587 prime?
False
Is 730326041 prime?
True
Is 762197287 prime?
True
Is 9596972503 a composite number?
True
Is 34902611291 prime?
True
Is 38684608717 composite?
False
Is 30629338739 a prime number?
True
Is 5547252853 a composite number?
True
Is 2627645899 composite?
True
Is 61761520391 prime?
True
Is 15835092713 prime?
False
Is 3562845997 a composite number?
False
Is 986143273 a prime number?
True
Is 163445281 composite?
True
Is 28808645081 composite?
False
Is 3647168869 a composite number?
True
Is 1309437083 a prime number?
True
Is 2741271241 a prime number?
True
Is 6798285019 prime?
False
Is 5254166447 prime?
True
Is 25380881117 a prime number?
True
Is 17444770643 prime?
False
Is 2164437043 composite?
True
Is 17134975097 a composite number?
False
Is 1004243377 a prime number?
True
Is 129938317 a prime number?
True
Is 21488414 prime?
False
Is 4062889471 composite?
False
Is 5075231981 prime?
True
Is 675152459 prime?
True
Is 2769533999 composite?
False
Is 30063821 prime?
False
Is 279601001193 prime?
False
Is 12583285639 a composite number?
False
Is 12534833131 a composite number?
False
Is 15654066955 prime?
False
Is 5428975063 a prime number?
False
Is 7754581903 composite?
True
Is 531592181 composite?
True
Is 113761993 a composite number?
False
Is 1282135129 composite?
True
Is 43644987937 prime?
False
Is 20862390919 composite?
False
Is 7909201939 prime?
False
Is 2927155313 prime?
True
Is 891123703 a composite number?
False
Is 24218892557 prime?
True
Is 10677111581 composite?
False
Is 31891737517 a prime number?
True
Is 260206823 a prime number?
True
Is 4208041241 a composite number?
True
Is 16413123781 composite?
False
Is 1953242207 a composite number?
True
Is 920643411 composite?
True
Is 299218151 prime?
True
Is 213525131 prime?
True
Is 339762233 a composite number?
True
Is 37246363391 composite?
False
Is 29117656571 composite?
False
Is 4340418591 a composite number?
True
Is 623601889 a composite number?
True
Is 6206754049 a prime number?
True
Is 54254610763 a prime number?
False
Is 389710291 composite?
True
Is 576124667 a composite number?
False
Is 1126375673 prime?
True
Is 250486021 composite?
True
Is 16547655427 prime?
False
Is 9138820027 a composite number?
True
Is 13783470737 a composite number?
False
Is 266666657 a prime number?
True
Is 844102993 a prime number?
True
Is 1388300471 a prime number?
True
Is 128669861 a prime number?
True
Is 33157013 a prime number?
False
Is 4124215261 composite?
True
Is 2715970769 composite?
True
Is 15086508863 a prime number?
False
Is 35143710169 a prime number?
True
Is 1908535645 prime?
False
Is 1545318011 a prime number?
False
Is 2613546979 prime?
True
Is 3784463191 composite?
True
Is 43117187309 a composite number?
True
Is 6615046619 a prime number?
True
Is 36954665141 composite?
True
Is 1227254305 a composite number?
True
Is 1116376117 a prime number?
True
Is 43019668687 prime?
True
Is 22468204081 composite?
True
Is 3642256967 composite?
True
Is 26383205503 composite?
True
Is 5847461135 a prime number?
False
Is 1712282387 prime?
True
Is 1456136449 prime?
True
Is 53983175511 a composite number?
True
Is 327576422413 a prime number?
True
Is 12766051477 prime?
True
Is 13095454017 a prime number?
False
Is 1287931231 prime?
False
Is 2078749619 a composite number?
False
Is 29758783457 composite?
True
Is 72232771 a composite number?
True
Is 33902333 prime?
True
Is 2633467261 a prime number?
True
Is 5880212665 a prime number?
False
Is 1334085853 prime?
True
Is 1982903489 composite?
True
Is 157588943 a prime number?
False
Is 5004796357 a prime number?
False
Is 42702661 a composite number?
True
Is 55175261 a composite number?
False
Is 120800377 prime?
True
Is 4912556133 a composite number?
True
Is 76394085007 a composite number?
False
Is 7172220365 a prime number?
False
Is 722024627 a prime number?
False
Is 37241210455 a composite number?
True
Is 2326057649 composite?
True
Is 947742722 a composite number?
True
Is 1065682309 a composite number?
True
Is 541605235 a prime number?
False
Is 10330118669 prime?
False
Is 1959543149 a prime number?
True
Is 3519934601 prime?
False
Is 124893307087 prime?
True
Is 434932241 a composite number?
False
Is 2903139361 a prime number?
False
Is 3748265531 prime?
False
Is 11233894135 a composite number?
True
Is 51985248943 a composite number?
False
Is 29011028779 a prime number?
True
Is 340345519 a composite number?
True
Is 16916841161 prime?
False
Is 10053605381 a composite number?
True
Is 233936557 composite?
True
Is 9640204397 a composite number?
True
Is 261361063 a composite number?
True
Is 399565787 a prime number?
False
Is 392653117 a prime number?
False
Is 62796301 composite?
True
Is 11497456783 a prime numbe